i - 5*x, -4*x + 7*x = -12. Let p be b(i). What is y(p)?
9
Let z(p) be the second derivative of -p**3/6 - 2*p**2 - 3*p + 47. What is z(-10)?
6
Suppose -2*d - 3*d - 4*h = -11, 3*h - 7 = -5*d. Let r(s) = -25*s**2 - s. What is r(d)?
-24
Let t(n) = -4*n**2 + 3*n + 8. Let w(j) = -3*j**2 + 3*j + 11. Let z(h) = -4*t(h) + 3*w(h). Give z(2).
23
Let v(p) = -7*p + 3. Let s(h) = -2*h - 5. Let w(t) = t + 3. Let k(b) = -4*s(b) - 7*w(b). Let n(g) = 4*k(g) + v(g). What is n(3)?
-10
Let u(l) = -l**3 - 19*l**2 - 17*l + 21. Let r be u(-18). Let h(o) = 4 + o - 22*o**3 - r + 6*o**3. Give h(-1).
16
Suppose 0*y = -y. Let l(b) be the first derivative of -1/2*b**2 + 19 - 3*b. Calculate l(y).
-3
Let v(f) = f**3 + 5*f**2 + f - 1. Suppose 0 = -3*o - 2*o - 5. Let n = -56 - -57. Let h be n/(12/15 + o). What is v(h)?
-6
Let j = 3 + 0. Let r = -1 - j. Let f(u) = -2*u**2 - 3*u. Give f(r).
-20
Let c(m) = -m**2 + 7*m + 4. Let q = -19 - -11. Let z be 1 - ((-21)/14 + (-99)/(-6)). Let i = q - z. Determine c(i).
10
Let d(w) = -w**3 + 5*w**2 + 5. Suppose 3*l = -5*o + 93, 4*l + 0*o - 113 = -3*o. Let h = 31 - l. What is d(h)?
5
Let k(v) = -7*v + 11. Let o(p) be the second derivative of p**3/2 - 5*p**2/2 - 13*p. Let t(f) = 2*k(f) + 5*o(f). Determine t(0).
-3
Suppose -51 = 5*p + 3*z, 9*z - 8*z - 15 = p. Let j(q) = -q**3 - 12*q**2 - 2*q - 13. Determine j(p).
11
Let y(x) = 1 + 5*x + 1 + x**2 - 5 + x**2 - 4*x**2. Calculate y(4).
-15
Let b(x) = 4*x + 11. Let i(n) = 5*n + 12. Let t be 10/(-1) + (0 - (4 + -7)). Let w(o) = t*b(o) + 6*i(o). Calculate w(5).
5
Suppose 4*c - 5*m = 3, 4*c - 5*m + 9 = -4*m. Let o(y) = 2*y**3 - 2*y - 5. Let a(r) = 4*r**3 + r**2 - 3*r - 9. Let p(h) = c*a(h) + 5*o(h). Calculate p(-2).
8
Let c(x) = x**2. Let m be c(2). Suppose m*i + 0*i = 16. Let r(s) = -9*s**2 + 11*s - 3. Let y(z) = 5*z**2 - 6*z + 2. Let f(u) = 4*r(u) + 7*y(u). What is f(i)?
-6
Let q(p) = -3*p. Let z(i) = i**2 + 35*i - 242. Let w be z(6). Calculate q(w).
-12
Let g = -3 + 1. Let l(p) be the third derivative of p**6/90 + p**5/60 - 17*p**3/3 - 34*p**2. Let m(v) be the first derivative of l(v). Give m(g).
12
Let t(d) = 9*d**3 + 10*d**2 + 10*d + 5. Let x(g) = -2*g**3 - g**2 - g - 1. Let p(m) = t(m) + 4*x(m). Calculate p(-5).
-4
Let a(n) be the first derivative of 2*n**3/3 - 33*n**2/2 + 16*n - 36. Let q(g) = -g**2 + 16*g - 8. Let y(r) = 6*a(r) + 13*q(r). Determine y(6).
16
Let f = 485 - 496. Let v(i) = i**2 + 7*i - 4. Determine v(f).
40
Let a be 82/8 - (-21)/28. Let c = a + -6. Let k(b) be the second derivative of b**3/2 - 3*b**2/2 + 2*b. Determine k(c).
12
Let a = 15 - 20. Let c = a + 10. Suppose -c*k + 10 = -5. Let m(l) = l**3 - 4*l**2. Give m(k).
-9
Let u(h) = -h - 4687*h**3 + 2339*h**3 + 5 + 2347*h**3 - 4*h**2. Calculate u(-4).
9
Suppose -12*i = -9*i, 2*x - 5*i + 10 = 0. Let q(t) be the third derivative of t**6/120 + t**5/10 + t**4/8 - t**3/2 - 11*t**2. Give q(x).
7
Let z(g) = 2*g. Suppose -4*l = -i + 3*i - 8, -5*i + 14 = 4*l. Suppose 4*q = -i*q. Suppose -r + 2 = -q*r. Determine z(r).
4
Let m(y) = 17*y**3 + 3*y**2 + 5*y + 11. Let k(q) = -7*q**3 - 2*q**2 - 3*q - 5. Let p(n) = 5*k(n) + 2*m(n). Calculate p(-3).
3
Let f(n) = n - 3. Let y(g) = 2*g - 7. Let t(v) = 9*f(v) - 4*y(v). Let b be t(2). Let m(s) = -2 - 2*s**2 - 1 + b*s + 0 + 0*s. Calculate m(2).
-5
Let j(d) = -2*d**3 + d**2 + 3*d + 1. Let c be 2*-1*1*(-54)/12. Suppose -p = c - 7. What is j(p)?
15
Let t(u) = -22*u**2 - 7*u + 7. Let c(n) = 23*n**2 + 6*n - 6. Let k(i) = 7*c(i) + 6*t(i). What is k(-1)?
29
Let y(p) = -p - 8*p + 5*p - 7 - p**2. Let v = 250 - 255. What is y(v)?
-12
Let d(f) = 3*f + 3. Suppose 5*a = -5*r - 25, 2*r = 22*a - 18*a + 8. What is d(r)?
-3
Let u(p) be the first derivative of -p**3/2 + p**2/2 - 13*p - 12. Let j(f) be the first derivative of u(f). Suppose -2 = 5*c + 3. Determine j(c).
4
Suppose -5*g - 5*d + 10 = 0, -4*g + 4*d = 3*d - 13. Suppose -g*t + 4*l = -5, 2*l + 19 = 5*t - 2*l. Let w(h) = -h**3 + 8*h**2 - 5*h - 7. Determine w(t).
7
Suppose 16*r - 13*r + 3*c = 57, 5*r - 89 = -3*c. Let u(p) = p**2 - 15*p - 16. Give u(r).
0
Let d(n) be the third derivative of -n**6/360 - 11*n**5/120 + n**4/12 + 43*n**3/6 + 7*n**2. Let c(s) be the first derivative of d(s). What is c(-9)?
20
Let o(h) = -2*h**2 + 2 + h**2 - 4. Suppose -3*w + 6 = 3*n, -3*n = 13*w - 18*w + 10. Give o(w).
-6
Let y(v) = -11*v + 23. Let j(s) = -7*s + 14. Let z(a) = 8*j(a) - 5*y(a). Determine z(7).
-10
Let p(b) = 1. Let z(s) = 59 - 3*s - 2*s**2 + s**2 - 61. Let r(k) = 5*p(k) + z(k). What is r(-5)?
-7
Let x(d) = -d**3 + d**2 + 34. Suppose -z = 5*r - 4, 100*r - 20 = 105*r - 5*z. Calculate x(r).
34
Let l(s) be the first derivative of -s**4/4 - s**3/3 + 2*s**2 - 837. What is l(2)?
-4
Let g(d) = -d - 12. Let k be 126/(-6 - 1) + 6. What is g(k)?
0
Let o be (6/27)/((-12)/(-108)). Let x(h) be the first derivative of 2*h**2 - 2*h - 1. Calculate x(o).
6
Let z = -5 + 8. Let q(o) be the first derivative of o**4/12 - 2*o**3/3 - o**2/2 + 8*o - 7. Let j(h) be the first derivative of q(h). Give j(z).
-4
Let z(f) be the third derivative of -f**5/60 - 7*f**4/24 + 3*f**3/2 - 4*f**2 - 2*f. Calculate z(-8).
1
Let c(q) = -q**2 - 5*q + 14. Let m be (14/(-6))/(39/117). What is c(m)?
0
Let f(n) = n**3 + 7*n - 6*n + 43*n**2 - 48*n**2. Give f(4).
-12
Let u(z) be the first derivative of 2*z**2 + 5*z - 110. Determine u(0).
5
Suppose 2*i - 19 = -5*s + i, 3*s = -2*i + 17. Suppose -s*x = -o + 10, o + 11 = -4*x + 7. Let d(j) = 2*j + 1. What is d(x)?
-3
Let i(p) = -p**3 - 3*p**2 + 3*p + 1. Suppose -17 = 5*k - 3*x - 0, -k - 3*x = 7. Give i(k).
5
Let s(i) = i**3 - i**2 - 2*i + 4. Suppose 5*y = -3*w + 5, 5 = -44*y + 49*y. Give s(w).
4
Let i(u) = 7*u**2 - 10*u - 3. Let p(r) = 9*r**2 - 11*r - 4. Let y(w) = -5*i(w) + 4*p(w). Let z = 8 - 10. Let v be 15*(z/6 - 0). What is y(v)?
-6
Let s(n) = -n**3 - 5*n**2 - n - 4. Suppose 2*h = 6*h + 32. Let b be ((-5)/(-4))/((-1)/h*-2). What is s(b)?
1
Let y = -48 + 53. Let x(a) be the third derivative of -a**6/120 + a**5/12 + a**4/24 + 3*a**2. Calculate x(y).
5
Let p(f) = 8*f + 4*f + 1 - 5*f. Give p(1).
8
Let d(v) be the first derivative of -v**3/3 - 11*v**2/2 - 24*v - 370. What is d(-4)?
4
Let b(k) = -4*k - 2. Let o(q) = 3*q + 2. Let r(u) = 4*b(u) + 6*o(u). Let m(c) = 26*c - 423. Let w be m(16). What is r(w)?
-10
Let s(k) = 6*k + 4. Let v(o) = -3*o - 2. Let w(z) = -4*s(z) - 7*v(z). Let u(n) = -2*n - 2. Let f(y) = 3*u(y) - 4*w(y). Determine f(-2).
-10
Let b(r) = -3*r**2 + r - 10. Let s(j) = 2*j**2 + 9. Let o(f) = 4*b(f) + 5*s(f). Let w(x) = x**2 - 10*x + 9. Let u be w(9). Let a = u - -4. Calculate o(a).
-11
Suppose -2 - 94 = -12*z. Let q(s) = -4*s**3 + 6*s**2 - 3*s - 3. Let g(w) = 7*w**3 - 13*w**2 + 7*w + 7. Let t(j) = -3*g(j) - 5*q(j). Determine t(z).
10
Let k(r) be the second derivative of r**3/3 + 5*r**2 + 178*r. Determine k(11).
32
Let u(j) = j**3 + j**2 + j + 9. Let v be u(0). Let y be 1/(-2 - 3/(-12)*v). Let b(c) = 2*c - 4. Determine b(y).
4
Let f(k) = 3*k + 24. Let c be f(-7). Let p(v) = -2*v - v + 2 + 2*v. Give p(c).
-1
Let g(i) be the first derivative of -9 + 0*i**2 - 11*i + 1/3*i**3. Give g(0).
-11
Let i = 87 + -92. Let o(q) = 7*q - 1. Let w(c) = 6*c. Let z(v) = i*o(v) + 6*w(v). Give z(0).
5
Let t be 5/40*-6 - 31/(-4). Let s(k) = 3 - 8*k + 8 + k**2 - 3 + 0*k**2. Give s(t).
1
Let f(b) = -8*b + 2. Let a(d) = -10*d + 2. Let w(h) = -5*a(h) + 4*f(h). What is w(-2)?
-38
Let o(w) be the third derivative of 1/120*w**6 + 0*w + 1/15*w**5 - 42*w**2 - 5/24*w**4 - 1/3*w**3 + 0. Calculate o(-5).
-2
Suppose 0 = 3*q - 11 - 1, -5*q = -4*s + 88. Suppose 5*b + s = -3. Let o(j) = -j**2 - 2 - 8*j - 4 + 1. What is o(b)?
7
Let o(w) = 5*w**2 + 18*w - 17. Let d(m) = -2*m**2 - 9*m + 8. Let a(f) = -2*f**2 + 2*f + 7. Let i be a(0). Let r(z) = i*d(z) + 3*o(z). Determine r(8).
-3
Let r(g) = -3*g + 42. Let t(n) = n**3 + 5*n**2 + n + 57. Let y be t(-6). What is r(y)?
-3
Suppose 2*u + l = 12, -l = -24*u + 22*u + 16. Let a(m) = m**3 - 7*m**2 - 2*m - 2. What is a(u)?
-16
Let x(o) = o**2 - 10*o + 29. Let h(w) = w**2 - 7*w + 20. Let j(n) = -7*h(n) + 5*x(n). Calculate j(-4).
-23
Let m(v) = -2521 + v**2 + 2518 + v**2. Let j = -7 + 11. Determine m(j).
29
Let i(r) be the second derivative of 3*r**5/20 + r**4/3 + r**3/3 - r**2 + 3*r. Let g = -7 + 7. Suppose 5*u = -f - 9, 0 = -2*u - 4*f - g*f. What is i(u)